4*j + 6. Let z(i) = -2*i**2 - 7*i + 13. Let n(c) = 5*v(c) - 3*z(c). Determine n(0).
-9
Let i(p) = 3*p + 3. Let c(j) = j + 2. Let r(l) = 2*c(l) - i(l). Determine r(6).
-5
Let s(x) be the second derivative of -1/2*x**2 + 0 + 5/3*x**3 - 2*x. What is s(1)?
9
Let v(z) = z**3 - 2*z - 1. Let a(b) = b + 1. Let x be a(-2). Calculate v(x).
0
Let k(d) = -d**2 + 4*d. Let f be k(3). Let q = f - 1. Let r(m) = -6*m + 1 + 7*m - q. Calculate r(0).
-1
Let y(a) = 2*a**2 + 14*a - 7. Let v be y(-7). Let h(f) = -f**2 - 8*f - 9. Determine h(v).
-2
Suppose -2*v + 4*w = v - 7, -w - 1 = 0. Let k(n) = 6*n**2 - n. Determine k(v).
5
Let y(d) = d**3 + 3*d**2 - 4*d - 3. Suppose 0 = r - 6*r + 75. Suppose -o - 4*n + 26 = o, 2*n = -3*o + 23. Suppose -r = o*t + 5. Give y(t).
-3
Let a = 28 - 23. Let c(z) be the second derivative of -1/2*z**2 + 1/3*z**3 + 0 - 4*z + 5/12*z**4 + 1/20*z**a. What is c(-2)?
7
Let m(h) = -4*h**2 + 2*h + 1. Let t be (1/1)/(4 + -5). Determine m(t).
-5
Let l(s) be the first derivative of 6 + 3*s - 1/3*s**3 - 1/2*s**2. Let p(u) = -u**3 + 6*u**2 - u + 3. Let w be p(6). Calculate l(w).
-3
Let c(z) = -z + 6. Let s be 4/6 + (-40)/(-12). Suppose -5*n = s*o - 162, -2*n = -3*o - 11 - 40. Suppose j = -l - 0*j, -2*l = -4*j - n. What is c(l)?
1
Suppose 0 = -2*x + 4*y + 10, 0 = x - 4*x - 2*y + 15. Let f(l) = -l**2 - 2*l**2 + l + 4 - x + 4*l**2. Calculate f(-3).
5
Let h(g) = g**3 + 4*g**2 + 2*g - 1. Let u be (3/(-1 - 0))/1. What is h(u)?
2
Let i(b) be the second derivative of b**4/12 - b**3 + 5*b**2/2 - 5*b. What is i(4)?
-3
Suppose 3*x = 5*x + 6. Let z(g) = -2 + 0*g - 3*g**2 + 4*g**2 + 3*g. What is z(x)?
-2
Let s = -3 - -5. Let q(y) be the second derivative of y**4/12 + y**2/2 - 5*y. Give q(s).
5
Let k(s) = -s. Let r(l) = l**3 - 4*l**2 - 5*l - 1. Let z be r(5). Let j be z*(1 + 1 - 2). Give k(j).
0
Let m(f) = -3*f**2 - 2*f - 1. Let p be m(-1). Suppose 0 = -3*o - 9, -2*o + 1 = -b - 4*o. Let d = p + b. Let q(v) = v**2 - 3. Determine q(d).
6
Let o(y) = 3*y + 1. Let f be (-2 + -2)/4 + -3. Let z = -7 - f. Give o(z).
-8
Let o(k) = 6 - 16*k - 1 + 6 - 13. Calculate o(-2).
30
Let r be (-5)/1*8/(-10). Let x be (-1)/(-2)*(r - 2). Let i(q) = -3*q**3 - 4*q**3 - x + q**3 - 2*q**2 - q + 4*q**3. What is i(-2)?
9
Let a(h) be the second derivative of 2*h + 0 - 1/20*h**5 + 2/3*h**3 + 1/12*h**4 - 2*h**2. Suppose -2*i + 19 = 5*v, 5*v + i + 11 = 28. What is a(v)?
-10
Suppose -7*x - 6 = -5*x. Let m(k) = -3*k + 8. Let c(o) = -2*o + 7. Suppose 0 = -f + 6 - 1. Let s(l) = f*m(l) - 6*c(l). Calculate s(x).
7
Let m(i) = -7*i**3 - 4*i**2 + 12*i + 7. Let w(v) = 8*v**3 + 4*v**2 - 13*v - 7. Suppose -c = 3*c - 24. Let o(g) = c*w(g) + 7*m(g). Calculate o(-5).
2
Let y(r) = 9*r**2 - 7*r + 1. Let c(x) = 4*x**2 - 4*x + 1. Let u(f) = -7*c(f) + 3*y(f). Give u(6).
2
Let d(y) = 0*y**2 - 115*y + 106*y - 5*y**2. Suppose s = -2*s - 18. Let o(q) = q**2 + q. Let m(h) = s*o(h) - d(h). Calculate m(4).
-4
Let s(h) = 4*h + 1. Suppose 2*f = -2*o - 0 + 2, o = -5*f - 19. Suppose p = -p + o. Determine s(p).
13
Let p(f) = -2*f - 7. Let g be p(-5). Suppose -g*a - 2*a = 25. Let z(h) = -2*h**2 + h - 2. Let c(n) = n**2 + n - 1. Let r(m) = -3*c(m) - z(m). Calculate r(a).
0
Let w be (20/12)/(1/(-3)). Let l be (w/3 - -1)*-3. Suppose 0*c = l*c. Let i(z) = -z**2 - z + 7. Give i(c).
7
Let g(n) = n**3 - 7*n**2 + n + 5. Let u(q) = q**2 - 1. Let j(o) = g(o) + 5*u(o). Let a = -19 + 32. Suppose -5*l + a = 3. Determine j(l).
2
Let k(s) = -s + 1. Let m(a) be the first derivative of -2*a**2 + 7*a + 1. Let v be (-2)/(-6)*(-5 - -8). Let d(p) = v*m(p) - 3*k(p). Give d(0).
4
Suppose -2*s - 9 = z, -3*s = 12 + 3. Let q be -2*(4 - z) + 3. Let i(p) = p**2 - p - 2. Give i(q).
10
Let x(l) = -795 + 797 + l - 2*l. Determine x(-2).
4
Let q(b) = b**3 + 6*b**2 + 5*b + 4. Let d be (-4)/(-14) + 276/(-84). Give q(d).
16
Let c = 19 + -31. Let d(s) = s + 11. Let q be d(c). Let m(o) be the third derivative of 7*o**5/60 - o**4/24 - o**3/6 - o**2. Calculate m(q).
7
Let r(b) = b + 1. Let f(j) = 5*j + 12. Let s(u) = f(u) - 6*r(u). Determine s(8).
-2
Let k(n) = -2*n**3 + 4*n**2 - n**3 + n**3 - 3 + 2*n + 3*n**3. What is k(-4)?
-11
Let m(w) = -w**3 + 6*w**2 - 7*w + 2. Let h = -64 + 69. Determine m(h).
-8
Let x(v) = 7*v**3 + v**2 + 6*v - 5. Let u(i) = 8*i**3 + i**2 + 7*i - 6. Let h(c) = 6*u(c) - 7*x(c). Suppose 0 = 4*d - 7 - 61. Let q = d - 18. Give h(q).
-1
Suppose -6*t = -5*s - 2*t - 2, 0 = 4*s - 4*t + 4. Suppose 0 = s*x - x + 5. Let l(d) = 55*d - d**3 - 6*d**2 + 52*d - 113*d. Give l(x).
5
Let c(u) = -2*u**2 + 3*u - 3. Let f(d) be the second derivative of -d**5/20 + 7*d**4/12 + 4*d**3/3 + d**2 - 5*d. Let m be f(8). Determine c(m).
-5
Let x be (4/6)/(2/27). Suppose -6*f = -x*f - 12. Let v(r) = -r**3 - 3*r**2 + 3*r + 1. Determine v(f).
5
Let p(l) = -l**3 - 6*l**2 + 2. Let f be p(-6). Let d(i) = -3*i - 6 + f - 2 + 4*i. What is d(5)?
-1
Let g(m) = 4*m - 4. Let q(j) = -3*j**2 - 4*j - 2. Let c be q(-2). Let k(f) = f + 9. Let l be k(0). Let a = l + c. Give g(a).
8
Let x(j) be the second derivative of -j**4/12 + 2*j**3/3 - 5*j**2/2 - j. Suppose 11*m + 159 = 203. What is x(m)?
-5
Let q(z) = -z**2 - 2. Suppose -8*m + 2 = -30. Give q(m).
-18
Let b(x) be the third derivative of 0*x + 0 + 1/60*x**5 - 1/24*x**4 + x**2 - 1/3*x**3. What is b(3)?
4
Let l(g) = 4*g - g**3 + 4*g - 2*g**2 - 8*g. Give l(-2).
0
Suppose 5*o = 3*z + 3, 0 = -3*o + 2*o + z + 1. Suppose -2*m = -5*t + 1 + 12, t = -3*m + 6. Let f(j) = t*j**2 + 10*j - 2*j**2 + 2 - 9*j. Give f(o).
2
Let w(l) = -l**3 + 6*l**2 + l - 7. Let t = -14 - -20. Calculate w(t).
-1
Let f(m) = -m**2 - 6. Let n be f(0). Let k(d) = -4*d - 6*d**2 + 14*d**2 + 5 - 9*d**2. Calculate k(n).
-7
Let x be 6/4 + 2/4. Let n(c) = -5*c**3 + 4*c**2 - 2. Let t(d) = -4*d**3 + 4*d**2 - d - 1. Suppose -3*b - 4 = -4*b. Let s(l) = b*t(l) - 3*n(l). What is s(x)?
2
Suppose 2*f + 3*w = -f + 18, 2*f - 4*w = 6. Let a = -11 + f. Let h(j) = -6*j**2 - 4 + 0*j**2 + 5*j - j**3 + 3*j**2 - 2*j**2. Calculate h(a).
2
Suppose 3*k + 2*d - 26 = 0, 42 = 5*k - 6*d + 8*d. Let i(s) = s - 11. Give i(k).
-3
Let o(t) = t**2 + t + 1. Let u be o(-2). Let c(l) = -12*l**2 + 2*l - 3. Let y(w) = 12*w**2 - w + 2. Let h(z) = u*y(z) + 2*c(z). What is h(-1)?
11
Suppose g + 3 = -2. Let l(x) = 2*x + 3. Calculate l(g).
-7
Let g(j) = j**3 + 5*j**2 + 5*j + 3. Let k be g(-4). Let q(y) = -y + 1. Let b(r) = -3*r + 2. Let h(l) = k*b(l) + 2*q(l). Calculate h(1).
1
Suppose 0 = 3*s - 2*s + 3*p - 8, 0 = 5*s - 5*p. Let z = 11 + -6. Let h(u) = -u**s + 3*u + 2 - 3*u - z*u. Calculate h(-5).
2
Let k(v) be the third derivative of -v**7/840 - v**6/45 - v**5/20 + v**4/12 - 5*v**3/6 + 7*v**2. Let z(w) be the first derivative of k(w). What is z(-7)?
-5
Suppose -1 + 0 = 2*g + 5*n, 4*n = -4*g - 20. Let w = -6 - g. Let x(s) = 1 - 2 - w*s - s - s. Determine x(2).
-9
Suppose -f - 2 = -2*f. Let o(l) = 2*l + 6 + 2*l - 6. What is o(f)?
8
Suppose -23 = 5*a - 2*h, 5*a - 4 = -5*h + 1. Let z = a + 5. Let b(y) = -2*y**2 + 2*y + 2. Give b(z).
-2
Let z(y) be the first derivative of 3*y**4/2 + y + 1. Suppose 8*j - 56 = -48. Determine z(j).
7
Let z(o) = -2*o**2 - 6*o - 11. Let s(v) = -5*v**2 - 18*v - 32. Let h(d) = 3*s(d) - 8*z(d). Calculate h(6).
-8
Let z(f) be the first derivative of 5*f**4/24 + f**3/3 - f**2/2 + 2. Let k(u) be the second derivative of z(u). Give k(-2).
-8
Let h(a) = a - 6 - 3*a + 0 + 4. Suppose -3*w - 6 - 3 = 0. Give h(w).
4
Let b be 26 - (-3 + 7 + -8). Suppose -5*a + 35 = -j, -5*a = -2*j - b - 0. Let p(z) = -z + 7. Give p(a).
-1
Let c(f) be the second derivative of -f**5/20 - f**4/24 - 4*f**3/3 + 3*f. Let v(l) be the second derivative of c(l). Determine v(1).
-7
Let g(p) be the second derivative of 4*p**3/3 - p**2/2 + 2*p. Let q be (1 - -1)*(-4)/(-8). Calculate g(q).
7
Let n = 1 + 1. Let i(k) be the third derivative of k**4/24 + k**3/3 + 21*k**2. What is i(n)?
4
Let w be ((-4)/6)/(4/6). Let z(a) = 4*a**2 - 2*a - 1. What is z(w)?
5
Let t(y) = -5 + 3 - y**2 - 3*y + 6. Let n(o) = -2*o**2 + 11*o + 17. Let f be n(7). Determine t(f).
0
Let x(q) = 2*q**3 + 4*q**2 + 2*q. Suppose 5*z - m - 75 = 21, -5*m + 20 = 0. Let t = -14 + z. Suppose 0 = -0*h - 3*h - t. Determine x(h).
-4
Suppose -15 = 3*w - 3*u - 0*u, 3*w + 11 = 5*u. Let l = w + 16. Let v(h) = -l*h**2 + 4 - 2 - 1. Give v(-1).
-8
Let n(l) be the second derivative of l*